the highest common factor of 7636398 and 440.
22
Calculate the highest common factor of 24538416 and 36.
12
Calculate the greatest common divisor of 98 and 42772058.
14
Calculate the highest common divisor of 89525915 and 74935.
10705
What is the highest common divisor of 48336 and 129048?
456
Calculate the highest common factor of 175116 and 2028.
12
What is the highest common divisor of 220 and 14918728?
44
Calculate the greatest common factor of 2121 and 3850524.
303
Calculate the greatest common factor of 484 and 276639154.
242
What is the highest common divisor of 3825754 and 6764?
178
What is the greatest common divisor of 246 and 1403022?
6
What is the highest common divisor of 9273 and 142454917?
3091
Calculate the highest common factor of 46386 and 145638.
54
What is the highest common divisor of 6781704 and 1104?
24
Calculate the highest common divisor of 14687559 and 72.
9
What is the highest common divisor of 1544 and 65380294?
386
Calculate the greatest common factor of 1169 and 89992.
7
Calculate the highest common divisor of 17778977 and 46.
23
What is the greatest common factor of 4591650 and 6825?
525
What is the highest common factor of 78585311 and 266?
133
Calculate the highest common divisor of 3037722 and 54336.
1698
Calculate the greatest common factor of 36987296 and 10208.
928
What is the greatest common divisor of 25312 and 1207292?
452
Calculate the highest common divisor of 161 and 22108037.
161
What is the greatest common factor of 12 and 65034208?
4
What is the greatest common divisor of 60927830 and 3602?
3602
Calculate the highest common factor of 24320 and 2566780.
20
What is the greatest common divisor of 149074058 and 14?
14
What is the highest common factor of 1782467 and 17?
17
Calculate the greatest common divisor of 60 and 11527136.
4
What is the greatest common divisor of 95 and 479180?
95
Calculate the highest common divisor of 6 and 345633.
3
What is the greatest common factor of 765375 and 32825?
325
Calculate the highest common factor of 310264987 and 2515.
503
What is the highest common divisor of 4640 and 1706099?
29
Calculate the highest common factor of 6923815 and 916.
229
What is the highest common factor of 30 and 59503890?
30
What is the greatest common divisor of 231896 and 2606406?
202
Calculate the highest common divisor of 354 and 421885872.
354
What is the greatest common divisor of 15037450 and 100?
50
What is the greatest common divisor of 14443156 and 1092?
364
Calculate the highest common factor of 59341356 and 1836.
1836
Calculate the greatest common factor of 2830200 and 19875.
3975
What is the highest common divisor of 3882 and 462257561?
647
Calculate the highest common factor of 15768 and 5359806.
1314
What is the greatest common factor of 22168 and 12560943?
2771
Calculate the highest common divisor of 57828 and 963405.
237
Calculate the greatest common factor of 4263 and 6299235.
87
What is the greatest common divisor of 14058 and 394902?
1278
What is the greatest common factor of 778905564 and 786?
786
Calculate the highest common factor of 585 and 609606.
9
What is the greatest common factor of 21 and 12350567?
1
What is the highest common divisor of 15595 and 725?
5
What is the greatest common divisor of 9261 and 5641321?
343
Calculate the highest common factor of 1908075 and 54899.
1339
Calculate the greatest common divisor of 13450580 and 715.
715
Calculate the greatest common divisor of 1576556 and 1856.
116
Calculate the highest common factor of 314620460 and 12320.
1540
Calculate the greatest common divisor of 171 and 75778992.
171
Calculate the greatest common divisor of 151188488 and 79112.
2728
What is the highest common divisor of 55525 and 3375?
25
What is the greatest common divisor of 207306 and 94662?
54
What is the greatest common divisor of 686 and 1302518?
98
Calculate the greatest common factor of 216 and 88610784.
24
What is the highest common factor of 20 and 137668540?
20
What is the greatest common factor of 181423662 and 3126?
3126
What is the highest common factor of 2485209 and 904452?
339
What is the highest common factor of 12946361 and 254950?
5099
Calculate the greatest common divisor of 81 and 41959377.
81
Calculate the highest common divisor of 376831306 and 3548.
1774
Calculate the greatest common factor of 192 and 375288896.
64
What is the highest common factor of 319 and 654881915?
29
Calculate the greatest common divisor of 5038890 and 12322.
202
Calculate the greatest common factor of 5083770 and 7275.
1455
Calculate the greatest common divisor of 73533570 and 495.
165
What is the highest common divisor of 1448 and 59280?
8
What is the greatest common factor of 27 and 28086?
3
Calculate the greatest common factor of 39983251 and 151437.
3883
Calculate the greatest common divisor of 98 and 3250709.
49
What is the greatest common divisor of 17117570 and 20?
10
What is the highest common factor of 4180361387 and 17?
17
Calculate the highest common divisor of 2408 and 31095106.
602
What is the highest common factor of 210098005 and 1905?
635
Calculate the greatest common divisor of 23924518 and 2014.
106
Calculate the greatest common factor of 17850 and 524.
2
What is the greatest common factor of 112 and 316247162?
14
What is the highest common factor of 262 and 15656989?
131
Calculate the highest common divisor of 5391651 and 1479.
87
What is the greatest common divisor of 68 and 14051911?
17
Calculate the greatest common divisor of 179671655 and 2559.
853
Calculate the highest common factor of 9702 and 210342.
66
What is the greatest common factor of 2584860 and 37788?
804
Calculate the highest common factor of 8559999 and 101556.
1953
What is the highest common factor of 541 and 6033?
1
What is the highest common factor of 13760 and 3672976?
16
Calculate the greatest common factor of 47169 and 10029.
3
What is the greatest common factor of 3211593 and 9856?
77
Calculate the highest common divisor of 80028 and 135356.
988
What is the highest common factor of 17524 and 1556308?
52
Calculate the greatest common divisor of 6424172 and 1086824.
7444
What is the highest common divisor of 447858 and 1253358?
3222
What is the greatest common divisor of 216820 and 37?
37
Calculate the greatest common divisor of 840658 and 1928507.
1043
What is the highest common divisor of 24377962 and 35854?
2758
Calculate the highest common factor of 6069 and 33428919.
867
Calculate the highest common divisor of 110 and 28047360.
110
Calculate the highest common divisor of 5498540 and 250.
10
What is the highest common divisor of 6336 and 1493580?
132
What is the greatest common divisor of 4908505311 and 2381?
2381
What is the highest common divisor of 144 and 117283164?
12
What is the highest common factor of 38280 and 281040?
120
Calculate the greatest common factor of 962 and 15796262.
74
Calculate the greatest common divisor of 35572383 and 8820.
441
What is the highest common divisor of 94906 and 14672?
14
Calculate the greatest common divisor of 2175940 and 86060.
260
Calculate the highest common divisor of 1338586 and 632.
2
Calculate the highest common factor of 17025 and 1319025.
75
Calculate the greatest common factor of 2686965 and 5420.
1355
What is the highest common divisor of 3404 and 6247812?
92
What is the greatest common divisor of 11104 and 37736250?
694
What is the greatest common factor of 46018 and 2585786?
266
Calculate the greatest common divisor of 566981 and 2641.
139
Calculate the greatest common divisor of 145 and 811560.
5
Calculate the highest common factor of 39862773 and 1377.
1377
What is the highest common factor of 2930 and 8483815?
1465
Calculate the greatest common factor of 19542563 and 182311.
5881
What is the highest common factor of 7734820 and 9540?
1060
Calculate the greatest common divisor of 9 and 234182493.
9
What is the highest common divisor of 137 and 79093799?
137
Calculate the greatest common divisor of 6468 and 2640.
132
What is the highest common factor of 219049 and 88457?
53
What is the highest common divisor of 803194 and 3357039?
3899
Calculate the greatest common divisor of 200690 and 277676.
658
What is the highest common factor of 40518140 and 2670?
890
Calculate the greatest common divisor of 102 a